s. Suppose -4*c + 5*d - 116 = s, -3*d + 22 = -c - 0*c. Let p = -20 - c. Is p prime?
False
Is (25 - 2)/((-1)/(-13)) a prime number?
False
Is (-2118)/(-9) + 2/(-6) a prime number?
False
Let r(k) = -7*k + 10. Let i be (0 - -2)*105/(-14). Is r(i) composite?
True
Let d(w) = -w**3 - 10*w**2 + 16. Is d(-17) prime?
True
Let p(d) = -7*d**2 - 1. Let u(h) = h + 6. Let t be u(-5). Let w be p(t). Is 3/12 + (-70)/w composite?
True
Let v = -146 + 277. Is v prime?
True
Let u(s) = -1 - 2*s + 9*s - 4. Suppose -5*r = 5*v, 4*v + 0*v + 2*r = 8. Is u(v) a prime number?
True
Let v(c) = 3280*c. Let t be v(1). Suppose -t = 5*k + 5*z, -k - 3*k + z = 2604. Is k/8*1*-2 composite?
False
Let f = 3 + 0. Suppose f*l - u - 6 = -4*u, -3*l - 5*u = -10. Suppose 3*t - 57 = -3*c, 2*c + 0*c - 8 = l. Is t a prime number?
False
Suppose -2*h + 34 - 4 = 0. Suppose 0 = -i + 4*i - h. Suppose 4*r - 197 = -i*a, 164 + 27 = 5*a + 2*r. Is a composite?
False
Let o = 2011 + 2356. Is o prime?
False
Let c = -14 - -45. Is c composite?
False
Let u(v) = v**2 - 2*v - 3. Let k be u(-2). Suppose -k*m - 3 = z - 30, -5*z + 30 = 4*m. Suppose 0 = m*q - 31 - 64. Is q a composite number?
False
Suppose -4*b + 2*x + 4375 = -b, -3*x = 4*b - 5822. Let w = b + -978. Is w a prime number?
True
Let v be (-4)/3 + (-2)/3. Is 82/4 - v/4 a composite number?
True
Suppose -26 - 46 = -4*z. Suppose 5 = o - z. Is o a prime number?
True
Let s(g) = g**3 - 12*g**2 + 33*g + 15. Is s(12) composite?
True
Let k be 7/(-2) - (-2)/4. Let i(j) be the second derivative of -j**5/20 - j**4/6 - 5*j**3/6 - 3*j**2/2 + 3*j. Is i(k) a composite number?
True
Let u(p) = 7*p + 2 + 0*p**2 - 3*p**2 - 11. Let b be u(6). Let h = -49 - b. Is h a composite number?
True
Let s = -321 + 554. Is s composite?
False
Let o(a) = -35*a - 12. Let z be o(-4). Suppose 5*v = g - 30 + 3, g = 2*v + 15. Suppose -4*i = 4*r - z, -r = g*i - 2*i - 156. Is i a composite number?
False
Let l = 52 - 35. Is l + (-6*1 - -3) prime?
False
Let a be 275 + (-1 - (0 + -2)). Let l = a - 415. Let z = l + 230. Is z composite?
True
Let u be 22/(-4)*(-16 + -4). Suppose 2*m - u = -32. Is m prime?
False
Let v be ((-2)/(-4))/((-2)/(-32)). Let o be (-9)/(-4)*v/(-2). Let d(k) = -k**3 - 8*k**2 + 6*k + 8. Is d(o) a composite number?
True
Suppose -6*d + d = 0. Is d - (-49)/1 - -2 a prime number?
False
Suppose k - 3 = 1. Suppose -k*v + 57 = -v. Is v prime?
True
Suppose -w - 2*u + 3 = -11, 0 = 4*w + 2*u - 26. Is (285/12 - w)*4 prime?
True
Let i(v) = -v**3 + 12*v**2 - 13*v - 3. Let r(z) = -z**3 + 12*z**2 - 13*z - 4. Let s(m) = 5*i(m) - 6*r(m). Is s(13) prime?
True
Let m(w) = w**3 + 4*w**2 + w - 4. Let l be m(-3). Suppose -3*b + 262 = -0*b + a, 3*b - 277 = l*a. Let p = -64 + b. Is p composite?
True
Suppose 5*f = -0 + 30. Let c be (f/2)/(12/16). Suppose -c*s = 5*r - 3*r - 898, -5*s = 4*r - 1127. Is s composite?
False
Is 4742/12 + 2/(-12) a prime number?
False
Suppose -11*u = -6*u - 25. Suppose -o = -5*s + 3*s - 705, -u*o + 3515 = -5*s. Is o composite?
False
Is (-7546)/(-18) + (-68)/(-18) + -4 composite?
False
Suppose h - 4 = 3*h + 4*l, 3*h = -l - 16. Let y(z) = -z**3 - 6*z**2 - 4*z - 1. Is y(h) composite?
False
Let d be (-8)/(-28) + (-44)/7. Let v = 4 + d. Let f(l) = -3*l**3 - 4*l**2 - 3*l. Is f(v) prime?
False
Let l(o) = 17*o**2 - o - 1. Let i be (0 + 8)/4 - -1. Is l(i) prime?
True
Let i = -46 + 84. Is i a prime number?
False
Is (-1750)/((-15)/3) - 3 composite?
False
Suppose -15 = 3*d - 6*d. Suppose 210 = -d*s - 25. Is 1/(-2 + (-95)/s) composite?
False
Let u(f) = 2*f**2 - 17*f + 14. Is u(13) a composite number?
False
Suppose 0 = -3*d - o + 1942, -o + 1292 = 2*d - 3*o. Is d composite?
False
Let z(u) = u**2 - 9*u + 9. Let q be z(7). Let a be (-12)/(-2)*(-20)/(-6). Let i = q + a. Is i prime?
False
Suppose -k - 4 = 4*d - 2*d, 4*k - 4*d = 44. Suppose -2*w + 50 = -0*w. Let f = w - k. Is f composite?
False
Let x = 4 + -2. Let q(h) = 4*h**2 - 5*h**2 + 2*h**x - 2. Is q(-4) a prime number?
False
Let s = 2 + -4. Is (2 - 3)/(s/326) prime?
True
Let o(l) = l**3 - 2*l**2 + 5. Suppose 8*d - 3*d = 20. Is o(d) a prime number?
True
Let t(z) = -z**3 + 3*z**2 - z + 1. Let p be t(2). Suppose -x = 4*r - 1085, p*x = r - 0*x - 268. Is r a composite number?
False
Suppose 2 - 3 = 3*d - h, 2*h = 5*d. Let p be (-2 - -7) + d + 0. Suppose -f + x = -74, -4*x + p*x = 2*f - 157. Is f a composite number?
True
Suppose 0 = 4*g + 4*x - 476, 3*g - 352 - 2 = -2*x. Let p be (3 - -3)*(-3)/(-6). Suppose 5*k + 86 = p*i, 0*i = -3*i - k + g. Is i a composite number?
False
Let f(g) = g**2 - 2*g + 2. Let d be f(-5). Suppose 7*c - 3*c - 8 = 0. Is (d/2 + -1)*c composite?
True
Suppose -201 + 25 = -4*z. Let u be z*-2 - 1/(-1). Let b = u + 134. Is b prime?
True
Let z = -20 - -35. Let a be (-1)/(-3) + z/9. Is ((-1)/a)/(4/(-184)) prime?
True
Suppose -252 = -4*y - 4*b, -y + 0*b + 2*b = -48. Is y composite?
True
Suppose 0 = -p + 2116 + 1065. Is p a composite number?
False
Suppose -3 = 3*p - 15. Suppose 0 = -n + 2*r + r + 278, 3*n - 859 = p*r. Is n composite?
False
Let r(i) = 26*i**3 + 2*i**2 - 4*i + 3. Is r(2) a composite number?
False
Suppose -4*d = -12, 5*a = 3*d + 12316 - 3660. Is a a composite number?
False
Suppose 4*o + 2*p + 0*p - 106 = 0, p = -o + 26. Suppose -2*w + w = 6. Is 119/9 + w/o prime?
True
Suppose -2*z + 182 = 510. Let x = -19 - z. Is x prime?
False
Let z(o) = -o**2 - 7*o - 2. Let l be z(-6). Suppose -89 = -l*a + 3*a. Is a a composite number?
False
Suppose -87 + 1212 = 5*n. Suppose -n + 933 = 2*c. Is (-8)/28 - c/(-14) a prime number?
False
Is 1 + (-1 - (-347 + 0)) a prime number?
True
Let o = -1171 - -1754. Is o prime?
False
Let i(r) = -3*r**3 - 2*r**2 + r - 2. Suppose -4 = -0*o - 2*o. Let j be i(o). Let n = -19 - j. Is n composite?
False
Let k(o) = 317*o + 2. Is k(3) composite?
False
Suppose 4*s = -3*h + 838, -2*h = -h + 4*s - 290. Suppose -5*u = -1019 + h. Is u a prime number?
True
Let k(t) = t**3 + t + 5. Let v be (-4 - -4)/(-1*1). Let n be k(v). Suppose -22 = -2*o - d - 3*d, 2*o - 26 = -n*d. Is o prime?
True
Let t(a) = a**3 + 8*a**2 + 6*a - 8. Let h be t(-7). Is h + 4 - (-3 + -25) prime?
True
Let c = 73 + -22. Let s = 256 - c. Is s prime?
False
Let m(u) = 7*u - 1. Let y be m(-2). Let a be 54/y - (-6)/10. Is (-1)/(a/(1 + 8)) a prime number?
True
Let r(f) = -f**2 + f - 2. Let j be (-4)/10 - 24/(-10). Let a be r(j). Is 2/a*2 + 4 a prime number?
True
Suppose 277 = 4*l - m, 17 = -l + 3*m + 100. Let f = -37 + l. Is f prime?
True
Suppose 1 = 2*h - k, 0 = -3*h - 5*k + 9 + 12. Suppose h*g - 3 = 5. Is g prime?
False
Let d(p) = -p**3 - 11*p**2 - 4*p - 10. Suppose -12 = -5*g + 3. Let q(i) = -4*i + 1. Let c be q(g). Is d(c) prime?
False
Let k be (2/(-4))/(5/100). Let q = k - -16. Is q a prime number?
False
Let a = 3448 - 1725. Is a composite?
False
Let s = -9 + 15. Let x = -4 + s. Suppose -h + 74 = 4*z + z, -x*h + 3*z + 187 = 0. Is h prime?
True
Suppose -2*k + 3*q + 4 = -q, k + 4*q = -10. Let s be 5 - k/6*0. Suppose 2*w - 735 = -s*g, -2*w = 4*g - 532 - 54. Is g a composite number?
False
Suppose -3*j = 5*v - 8*j - 465, v + 5*j - 117 = 0. Is v composite?
False
Suppose -845 = -5*h + 1920. Is h a composite number?
True
Suppose j = 4*k + 134, 2*k = 2*j - 0*k - 280. Is j composite?
True
Let x be ((-62)/3)/((-6)/9). Suppose -2*t + 4 = -2*a, 0 = -3*a + 4*t + 1 - 5. Let b = x - a. Is b a prime number?
False
Let s(f) = -f**3 + 5*f**2 + 8*f - 7. Let m be s(6). Suppose -m*v + 3 = -2*v. Is v/(1 + (-30)/31) a prime number?
True
Suppose -3*z + 4 + 5 = 0. Suppose -s = -z*s + 38. Is s prime?
True
Suppose -11 = -2*z - 1. Suppose z*h - 128 = 147. Is h prime?
False
Let h(q) = -16*q**3 + 3*q**2 + 2*q + 3. Let a be h(-2). Let u = a - 201. Let s = u + 99. Is s prime?
True
Let v = 1637 + -726. Is v composite?
False
Let b(y) be the second derivative of 3*y**8/160 + y**6/720 + y**4/4 + y. Let h(m) be the third derivative of b(m). Is h(1) composite?
False
Let c = -570 - -896. Is c a composite number?
True
Let y be (-1688)/(-12) + 2/6. Let j = y + -46. Is j a prime number?
False
Let m(w) = w**3 - 12*w**2 + 18*w - 11. Suppose 0 = -3*k - g + 36, -3*k + k + 24 = g. Is m(k) a composite number?
True
Suppose -2*b + 45 = 3*b. Is 1033/b - (-4)/18 prime?
False
Let q(l) = -20*l + 1. Is q(-7) a prime number?
False
Suppose t + 3*t + 112 = 0. Let z be 472/(-10) - 3/(-15). Let b = t -